+ o)*(-9)/(-1).
3
Let j = -503 + 1024. List the prime factors of j.
521
Suppose 4*t = -5*p + 934 + 467, 4*t = 16. What are the prime factors of p?
277
Let w = -28 - -28. Suppose 264 = -w*l + 2*l. List the prime factors of l.
2, 3, 11
Let n be ((-10)/(-20))/((-2)/(-372)). Suppose 5*v - n - 52 = 0. What are the prime factors of v?
29
Suppose 14 + 1 = k + 5*m, 5*k = m - 3. What are the prime factors of 82 + 0/(k - -4)?
2, 41
Suppose g + 4*g = -45. Let b be (-4 + -5)*(-6)/g. What are the prime factors of 300/b*6/(-15)?
2, 5
Let k(d) = -32*d + 2. Let q be k(7). Let x = q - -322. List the prime factors of x.
2, 5
Suppose -o + 3*t - 10 = 0, 0*o + 4*o - 10 = 2*t. Suppose 0 = b + 1, -5*y + 2*y + o*b = 34. Let k(l) = l**2 + 8*l - 2. What are the prime factors of k(y)?
3, 7
Let s(r) = r**2 + r. Let b be (16 - 12)/(4/2). Suppose -21 = -3*w - 4*v, -3 + 18 = 3*w + b*v. List the prime factors of s(w).
2, 3
Let s be 3*(5 + 17/(-3)). What are the prime factors of (1 - 38)*(-10 - s) - 0?
2, 37
Let q = 19 - -615. What are the prime factors of q?
2, 317
Suppose 3*x = 10 - 4. Let d(s) = 35 + s**2 - s**x - s**2. List the prime factors of d(0).
5, 7
Let y be 8/(-36) - (-5412)/54. List the prime factors of y + ((-3)/(-5))/(2/(-10)).
97
Suppose 0 = 2*q - z - 22 + 2, q = -4*z + 1. What are the prime factors of (q/18)/((-1)/(-10))?
5
Suppose 0 = -57*g + 74*g - 25653. What are the prime factors of g?
3, 503
Let r = 2094 + -142. What are the prime factors of r?
2, 61
Let j(s) = 12*s**2 - 2*s - 2. Suppose -3*z - 10 = 2*z. What are the prime factors of j(z)?
2, 5
Suppose 5*n - 5*h - 13560 = 0, 4*n - 2*h - 8860 - 1980 = 0. List the prime factors of n.
2, 677
Let f be 2*(8/(-10) + 2)*5. Let x = -4 + 2. Let p = x + f. What are the prime factors of p?
2, 5
Let w(y) be the third derivative of y**6/60 + 17*y**5/60 + y**4/3 - y**3 + 20*y**2. List the prime factors of w(-7).
5, 17
Let v be (-3 - -4)*569 + -1 + 0. Suppose -3*q + 89 = -v. List the prime factors of q.
3, 73
Let u = -1 - -45. Suppose 2*d - 5*i - u = 0, 3*d - 4*i = -5*i + 32. What are the prime factors of d?
2, 3
Suppose -4*v = -5*v. Suppose 16 = -4*s - v*s. List the prime factors of (38/s + 1)*-4.
2, 17
Let o = 4782 - 2762. What are the prime factors of o?
2, 5, 101
Let g(y) = -2*y - 2. Let x be g(-2). List the prime factors of x/(-4)*3*-38.
3, 19
Suppose -9*q + 3720 + 5793 = 0. What are the prime factors of q?
7, 151
Suppose 0 = -5*z - q + 193, z + 108 = 4*z - 2*q. Suppose -2 = t - z. List the prime factors of t.
2, 3
Suppose -650 = -6*o + 406. Suppose -6*j + 3*j + 141 = 3*r, -4*r + o = j. What are the prime factors of r?
43
Let w(p) = 28*p**2 + 4*p - 2. Let u be w(3). Let i = u + -169. List the prime factors of i.
3, 31
Suppose -3*a - 5*n + 14216 = 0, a + 9514 = 3*a - 4*n. List the prime factors of a.
47, 101
Let o be -3*(-4)/(-12) + 2. Suppose 3*q - 67 + o = 0. List the prime factors of q.
2, 11
Let c(o) be the first derivative of 167*o**4/4 - 2*o**3/3 + 3*o**2/2 - 2*o + 15. List the prime factors of c(1).
2, 83
Suppose -3*v = 5*w - 2*v - 1226, 732 = 3*w - 3*v. Suppose -w = 5*y - 5*m, 0*m + m = -3*y - 155. Let i = y + 73. What are the prime factors of i?
2, 11
Suppose 4*k - 24 - 24 = 0. Let d be k/54 - (-7526)/(-9). What are the prime factors of d/(-11)*(-2)/(-4)?
2, 19
Suppose 0 = -4*p - 4*t + 176, 20 + 32 = p - 3*t. Suppose -6*n + 140 + p = 0. List the prime factors of n.
31
Suppose 7124 = 11*g - 3997. What are the prime factors of g?
3, 337
Let t be 2/(-8) + (-45)/(-20). Suppose -2*z = -4*f + 92, 5*z - 3*z - 46 = -t*f. What are the prime factors of -2 + f - (4 - 5)?
2, 11
Let d(a) = 20*a**2 - 4*a + 27. List the prime factors of d(5).
3, 13
Let w(a) = -627*a + 85. What are the prime factors of w(-2)?
13, 103
Let i(m) = -m - 3. Let c be (12/(-10))/(12/60). Let d be i(c). Suppose -d = 2*s - 29. What are the prime factors of s?
13
Let r = 1734 + -667. List the prime factors of r.
11, 97
Suppose -4*o = -6*o + 306. List the prime factors of (-2)/(-5) + o/5.
31
Suppose n + 4*y - 4 = -28, -3*y = 2*n + 28. Let i = n - -25. What are the prime factors of i?
17
Let a(t) = 2*t + 20. Let c be a(-9). Let g be 11/(-22) + (-9)/c. What are the prime factors of 3/g - 978/(-30)?
2
Suppose 0 = 3*j + 2*i - 7*i + 170, 2*i - 236 = 4*j. Let v = -14 - j. List the prime factors of v.
2, 23
Suppose l = 5*l. Suppose l = -12*w + 15*w - 36. What are the prime factors of w?
2, 3
Let g(q) = 3*q - 52. Let k be g(19). Suppose 3*n - 156 = 3*o, -5*n + 36 + 234 = k*o. What are the prime factors of n?
53
Suppose t - 3*u + 11 = 5*t, u - 11 = -5*t. Let c(r) = -r - 6. Let s be c(0). What are the prime factors of (t + -5)/s*100?
2, 5
Suppose 43*p + 32171 = 96*p. What are the prime factors of p?
607
Let a = 311 - -652. What are the prime factors of a?
3, 107
What are the prime factors of (-7)/((-14)/6) - (-204)/1?
3, 23
Let d be (28/(-70))/((-1)/(-5)). Let l(q) = -7*q**3 + 4*q**2 + q - 4. What are the prime factors of l(d)?
2, 3, 11
Let p = 92 - 68. What are the prime factors of 6/(-14) + 501*p/126?
5, 19
List the prime factors of (-51*(-10)/15 - 5)*1.
29
Suppose -2*l - 26 = 2*g, g - 4*l + 33 = -0*l. Let x be 1*(-3 - (1 + g)). Let n = x - 4. What are the prime factors of n?
3
Suppose -26 = -l + 259. Suppose 0 = -0*w - 5*w + l. What are the prime factors of w?
3, 19
Let u(x) = -x + 12. Let t be u(7). Suppose -t*o = -k - 700, -2*o = 2*o - 4*k - 576. Let d = o + -92. What are the prime factors of d?
47
Let k = -8 - -11. Suppose -2*w + 4 = -k*w. What are the prime factors of 200/(-30)*6/w?
2, 5
Let m = 6 - 5. Let i be m + (-4)/((-16)/12). Suppose 0*y = i*y - 44. List the prime factors of y.
11
Suppose 2*k - 130 + 34 = 0. Suppose -3*m = 3*c - 276 + k, -3*c = -2*m + 172. What are the prime factors of m?
2, 5
Suppose -6*b = -8*b + 4. Let o(c) = 8*c**3 - 4*c**2 + c + 3. What are the prime factors of o(b)?
53
Let z(v) = 6*v + 1. Let c be z(1). Suppose -c*m + 20 = -764. What are the prime factors of m?
2, 7
Suppose -2*i = 5*i. Suppose 8*o - 4*o - 276 = i. List the prime factors of o.
3, 23
What are the prime factors of (6/8)/(24/17632)?
19, 29
Let l(i) = 4*i**3 - 2*i**2 + 2*i + 5. Let y be l(4). Suppose -15*w = -14*w - y. What are the prime factors of w?
3, 79
Suppose 7*t - 1 = -43. What are the prime factors of 25/((-8)/20 + t/(-10))?
5
Suppose -5*u - 5 = -25. Suppose -3*w - 837 = -3*x, -w - 9 = -u*w. What are the prime factors of (-8)/16 - x/(-4)?
2, 5, 7
What are the prime factors of 22 + 3/1 + -8?
17
Let x = 2 + -55. Let a = x - -227. What are the prime factors of a?
2, 3, 29
List the prime factors of (2 - 6) + (140 - -16).
2, 19
Suppose 6 = 7*l - 4*l. Suppose c - 13 = -3*q, l*c - 67 = -c - 2*q. What are the prime factors of c?
5
Let t be (-6)/10 + (-864)/(-15) + -4. Let q = t - -40. What are the prime factors of q?
3, 31
Let a(g) = -g**2 - 19*g - 9. Let y = 37 - 50. What are the prime factors of a(y)?
3, 23
Suppose -25*t + 27*t - 3*g - 2704 = 0, g = 4. List the prime factors of t.
2, 7, 97
Let u(w) = -3*w**3 - 3*w**2 + 3*w - 4. Suppose -3*z - 4 = -4*z. Let j be ((-6)/z)/((-4)/(-8)). List the prime factors of u(j).
41
Let b(g) be the third derivative of g**6/120 - g**5/15 + g**4/12 - g**3/2 + 8*g**2. Let p be b(4). Suppose -i + 24 = -p. What are the prime factors of i?
29
Let n be 3 + 19/(3 + 0 + -4). What are the prime factors of n*((-270)/24 + (2 - 4))?
2, 53
Suppose -y + 19 = 2. Let i = y + -15. Suppose 6 + 8 = i*x. List the prime factors of x.
7
Let b be (0 - -1)/(2/(-138 + 0)). List the prime factors of -1 + 4 - 6*b/6.
2, 3
Let a(f) = f - 32. Let h be a(33). Let p(t) be the first derivative of 16*t**2 - 2*t + 1. What are the prime factors of p(h)?
2, 3, 5
Let x be (3 - 8/2)*-2. Let z be -1 - ((x - 5) + 0). Let r(o) = 7*o**3 - 3*o**2 + o - 1. List the prime factors of r(z).
3, 5
Let q(r) be the third derivative of -r**4/24 + r**3/6 + 6*r**2. Let k(t) = -12*t + 10. Let f(h) = 2*k(h) - 22*q(h). List the prime factors of f(-12).
2, 11
Let h = -120 + 125. Suppose 0 = 2*k + 5*y - 38, -h*y = -k - 2*k + 107. What are the prime factors of k?
29
Let j be (-5 + (1 - -3))*-3. Suppose 2*v = j*v - 19. What are the prime factors of v?
19
Suppose -13*o + 1843 - 413 = 0. List the prime factors of o.
2, 5, 11
Suppose 8*z + 216 = 728. Let m = -4 + z. List the prime facto